8
Convert -9788 (base 13) to base 5.
-1133233
-b4 (base 16) to base 9
-220
Convert -9180 (base 13) to base 16.
-4e4e
139d (base 14) to base 8
6617
What is -28021 (base 9) in base 5?
-1101343
760 (base 13) to base 11
a47
Convert 9840 (base 10) to base 13.
462c
Convert 308 (base 13) to base 8.
1003
What is -79 (base 15) in base 10?
-114
-10020 (base 4) to base 8
-410
What is 1733 (base 8) in base 15?
45c
95fb (base 16) to base 15
b59a
What is -450 (base 6) in base 3?
-20110
-4780 (base 9) to base 5
-103210
Convert 10b1 (base 12) to base 6.
12341
Convert -13876 (base 12) to base 14.
-9c82
What is 269 (base 13) in base 11?
357
Convert -515052 (base 6) to base 14.
-11092
What is 168 (base 16) in base 2?
101101000
What is -1103 (base 7) in base 4?
-12023
What is 5535 (base 6) in base 9?
1675
Convert 252 (base 10) to base 2.
11111100
-1002 (base 3) to base 4
-131
What is -f43 (base 16) in base 15?
-1257
-5061 (base 7) to base 13
-a53
Convert -915 (base 10) to base 16.
-393
Convert 20231313 (base 4) to base 12.
187b3
-5572 (base 14) to base 7
-61102
1111000 (base 5) to base 14
716c
66c (base 15) to base 6
10420
What is -1001111100 (base 2) in base 16?
-27c
Convert -122d1 (base 14) to base 8.
-126677
Convert -688 (base 13) to base 2.
-10001100110
Convert 2122031 (base 4) to base 15.
2dce
What is 111011111 (base 2) in base 14?
263
Convert -258 (base 11) to base 6.
-1225
-29c0 (base 13) to base 6
-44035
Convert 421 (base 11) to base 6.
2203
21510 (base 9) to base 3
201120100
What is 4b4a (base 12) in base 9?
12654
Convert -1142 (base 5) to base 7.
-334
Convert 234014 (base 6) to base 14.
7590
-114654 (base 9) to base 6
-1251421
What is 12722 (base 12) in base 14?
929c
What is 323 (base 4) in base 10?
59
What is 2a9 (base 14) in base 11?
452
What is -11c0 (base 16) in base 5?
-121134
-42606 (base 10) to base 16
-a66e
What is 12322 (base 6) in base 4?
130322
-4202 (base 8) to base 14
-b18
Convert 7b15 (base 14) to base 7.
116225
Convert 1211002 (base 3) to base 8.
2455
-817 (base 12) to base 6
-5231
Convert -1b28 (base 14) to base 4.
-1031020
310 (base 6) to base 9
136
Convert 101220 (base 3) to base 13.
198
What is -89 (base 11) in base 7?
-166
What is 23141 (base 5) in base 6?
11423
-954 (base 12) to base 6
-10144
Convert -32b (base 13) to base 7.
-1405
What is 10010111111 (base 2) in base 12?
853
Convert 3097 (base 10) to base 12.
1961
486 (base 11) to base 8
1102
11452 (base 8) to base 5
124111
Convert 1393 (base 13) to base 12.
1774
-15114 (base 11) to base 5
-1141212
What is -6b92 (base 15) in base 12?
-11292
What is -220120022 (base 3) in base 5?
-1033114
Convert -2981 (base 12) to base 4.
-1023301
Convert -1000111011001010 (base 2) to base 10.
-36554
What is -2469 (base 16) in base 3?
-110210020
Convert 20202 (base 4) to base 9.
666
What is -114221 (base 5) in base 15?
-1426
Convert 4453 (base 13) to base 12.
5624
1557 (base 10) to base 11
1196
What is 460 (base 9) in base 5?
3003
Convert 822 (base 11) to base 16.
3e0
Convert -10332 (base 4) to base 6.
-1250
What is -1125 (base 13) in base 4?
-211131
What is -1004 (base 7) in base 13?
-209
What is 2354 (base 6) in base 4?
20332
-12163 (base 7) to base 10
-3181
Convert 1221202 (base 3) to base 12.
9a8
Convert 11010221 (base 3) to base 13.
14b6
Convert 197 (base 14) to base 13.
1c4
Convert 613 (base 8) to base 9.
478
4 (base 12) to base 7
4
Convert 11aca (base 15) to base 12.
287b4
What is 424 (base 14) in base 8?
1460
Convert 2211213 (base 4) to base 11.
7a66
What is c2a (base 15) in base 5?
41430
-11110101011 (base 2) to base 15
-8ad
Convert 42017 (base 9) to base 8.
66106
What is 21526 (base 9) in base 2?
11011111001000
Convert 105606 (base 8) to base 4.
20232012
3357 (base 10) to base 4
310131
What is 3cc (base 14) in base 13?
471
2051 (base 13) to base 14
18a8
What is -816 (base 9) in base 16?
-297
What is -a24 (base 16) in base 7?
-10366
Convert -2554 (base 7) to base 14.
-4d4
Convert -426 (base 7) to base 5.
-1331
What is 1110000 (base 2) in base 7?
220
a37 (base 11) to base 7
3434
Convert -64 (base 7) to base 8.
-56
17c1 (base 14) to base 7
15331
Convert 1362 (base 13) to base 2.
101011100000
-46813 (base 9) to base 7
-160122
-9cf (base 16) to base 9
-3400
What is 48 (base 10) in base 6?
120
What is 2254 (base 6) in base 14?
2a6
What is -5042 (base 7) in base 4?
-123101
Convert -5030 (base 7) to base 15.
-7ab
Convert 23310 (base 4) to base 9.
1030
Convert -526 (base 10) to base 14.
-298
What is -2c7 (base 15) in base 8?
-1175
Convert -302104 (base 5) to base 15.
-2cd9
-59cd (base 14) to base 3
-210111012
12004 (base 13) to base 12
170a7
2367 (base 15) to base 10
7522
Convert 5406 (base 7) to base 8.
3575
Convert -2966 (base 13) to base 15.
-1b9e
What is -1ba81 (base 13) in base 9?
-82711
What is -1644 (base 7) in base 3?
-220210
What is 16a73 (base 12) in base 14?
bc6b
11331220 (base 4) to base 12
12174
6ce (base 15) to base 5
22134
What is -215211 (base 6) in base 10?
-18007
1090 (base 14) to base 16
b36
Convert 122124 (base 7) to base 5.
1203422
Convert -333200 (base 5) to base 14.
-437d
What is 120211111 (base 3) in base 13?
533b
4833 (base 9) to base 6
24350
Convert -48d7 (base 15) to base 14.
-5914
Convert 1534 (base 7) to base 13.
382
Convert -31c5 (base 13) to base 11.
-5222
What is 96c (base 14) in base 10?
1860
358 (base 9) to base 2
100101000
What is 12301202 (base 4) in base 16?
6c62
Convert 1030515 (base 6) to base 16.
c62f
Convert 221512 (base 8) to base 5.
4341240
What is -61499 (base 11) in base 6?
-1531333
What is -111010010011 (base 2) in base 14?
-1507
What is -1234 (base 6) in base 11?
-262
1221 (base 9) to base 15
40a
Convert 22312 (base 4) to base 9.
851
Convert -5043 (base 6) to base 10.
-1107
Convert -134600 (base 7) to base 10.
-25676
What is 7942 (base 13) in base 14?
6270
-5673 (base 11) to base 4
-1310211
10101101101100010 (base 2) to base 7
520162
Convert 112101022 (base 3) to base 16.
28f4
Convert 332054 (base 6) to base 12.
1402a
Convert c0 (base 15) to base 6.
500
10202110000 (base 3) to base 14
1cd45
What is 1001000011010001 (base 2) in base 11?
25943
Convert -21651 (base 8) to base 13.
-4203
Convert 3ca8 (base 14) to base 9.
15644
Convert 21321 (base 4) to base 7.
1563
-2925 (base 13) to base 9
-8136
Convert 22751 (base 11) to base 8.
100117
12013 (base 5) to base 6
4031
-23882 (base 9) to base 8
-37237
What is 102002021 (base 3) in base 2?
1111110010000
20001000 (base 3) to base 4
1010301
What is 733 (base 12) in base 3?
1102210
What is 1250 (base 12) in base 5?
31301
110100001100 (base 2) to base 7
12511
20038 (base 10) to base 11
14067
Convert -36c (base 13) to base 10.
-597
What is 522 (base 6) in base 12?
142
112220 (base 5) to base 8
7734
What is -2223330 (base 4) in base 11?
-82a4
Convert 2053 (base 10) to base 2.
100000000101
Convert 76c (base 16) to base 2.
11101101100
-3301 (base 6) to base 2
-1011110101
61 (base 13) to base 16
4f
What is -b11 (base 14) in base 2?
-100001111011
What is 221120 (base 4) in base 7?
10502
What is -30022 (base 4) in base 15?
-36d
10c (base 16) to base 15
12d
What is 287 (base 14) in base 12?
367
Convert -1010251 (base 6) to base 13.
-18b47
-11200313 (base 4) to base 11
-15a70
Convert 20445 (base 6) to base 14.
1017
-1100 (base 3) to base 8
-44
118 (base 9) to base 4
1202
What is 2412 (base 8) in base 11?
a73
-2076 (base 9) to base 11
-1169
What is 1022 (base 14) in base 9?
3722
-22c56 (base 14) to base 3
-11022020211
12e (base 15) to base 6
1125
Convert 52c (base 14) to base 5.
13040
Convert -1210012 (base 3) to base 9.
-1705
What is -65917 (base 10) in base 6?
-1225101
Convert -1112 (base 5) to base 6.
-421
-832 (base 10) to base 8
-1500
What is 415 (base 10) in base 2?
110011111
Convert -1599 (base 10) to base 14.
-823
-1614 (base 11) to base 16
-818
Convert 1619 (base 10) to base 2.
11001010011
10867 (base 10) to base 15
3347
What is 18087 (base 9) in base 14?
478c
What is -1344 (base 9) in base 13?
-5cb
-933 (base 12) to base 4
-110313
-1001011000110 (base 2) to base 5
-123211
What is 369 (base 11) in base 2?
110110110
What is -31c9 (base 14) in base 5?
-233410
What is -78 (base 11) in base 12?
-71
Convert 22246 (base 7) to base 11.
424a
1011111 (base 3) to base 9
1144
-8c2 (base 16) to base 2
-100011000010
-3436